uppose -r - 2*r + q = 0. What is c(r)?
8
Let z(l) = 9*l**2 - 1. Suppose 0 = v - 3*j + 8, 3*v - 15 = -5*j + j. Let k = 2 - 2. Let w = v - k. Give z(w).
8
Let v(l) = -8*l**2 + 6*l**2 + 12*l**3 + 0*l - l. Calculate v(-1).
-13
Let s = -21 + 28. Let f(i) = -i**3 + 8*i**2 - 7*i - 5. Calculate f(s).
-5
Let p(g) be the first derivative of g**2/2 + 11*g + 22. Give p(-9).
2
Suppose -j + 2*d = d - 8, -31 = -4*j + 3*d. Let r(c) = -c**3 + 8*c**2 - 5*c - 5. Calculate r(j).
9
Suppose 5*x - 5*q + 4*q = 26, 4*x - 2*q = 22. Let h(y) be the second derivative of y**5/20 - y**4/3 - 5*y**3/6 - y**2 - y. Calculate h(x).
-2
Let t(c) = -6*c**2 + c + 4. Let l(y) = -y**2 + 1. Let j(f) = -5*l(f) + t(f). What is j(1)?
-1
Let g = -2 + 4. Let v(j) = 4*j + 3. Suppose -2*c = c - 3. Let q(i) = -i. Let o(r) = c*v(r) + 5*q(r). What is o(g)?
1
Let t(z) be the first derivative of 5*z - 3 - 1/2*z**2. What is t(4)?
1
Let s(a) = -a**2 - 3*a - 2. Let x(m) = m + 12. Let p be x(-10). Suppose 2*n + 16 = -b + 5*n, 4*n = p*b + 24. Give s(b).
-6
Suppose 6 = -2*g + 5*d, 4*d - 11 = -3. Let q(c) = -c**3 + 2*c**2 - 3*c + 2. Determine q(g).
-4
Let c(u) be the first derivative of u**2 + 7*u - 2. Suppose -3*v - 2*h - 18 = -v, 0 = h + 3. Calculate c(v).
-5
Let l = -18 + 17. Let u(n) = -6*n**3 + n**2 + 2*n + 1. What is u(l)?
6
Let a be 6/(-4)*4/6. Let f(q) = -q. Let i(x) = -x**3 - 5*x**2 + x + 2. Let y(h) = a*i(h) - 4*f(h). Suppose 0 = -2*o - 9 + 3. What is y(o)?
7
Let m(x) be the first derivative of 0*x**2 + 3*x**2 - x**2 - 3 + 0*x**2. Let s(y) = -y**3 + 6*y**2 - y + 7. Let n be s(6). Determine m(n).
4
Let g(v) = 4 - v - 3 + 3*v. Let y = -37 - -22. Let s be ((-6)/y)/((-2)/10). Give g(s).
-3
Let g(c) = -5*c - 3. Let l(o) = 1. Let a(m) = -g(m) - 5*l(m). Determine a(3).
13
Let t(f) be the third derivative of -f**6/120 - f**5/12 - f**4/12 - 2*f**3/3 + 16*f**2. Calculate t(-5).
6
Let u(k) = -2 + 2*k + k + 1 - 5*k. Determine u(-2).
3
Let p(a) = -5*a - 50. Let t be p(-10). Let k(q) be the third derivative of 0*q + 0*q**3 + 1/24*q**4 + t + 2*q**2. What is k(-6)?
-6
Let h(r) = 2*r**2. Let j be 35/(-14) + (-1)/(-2). Let b be (-1)/j - 10/4. Calculate h(b).
8
Suppose 4*f - 10 + 0 = r, 4*r = f + 20. Let z(l) be the third derivative of 0*l**3 + 3*l**2 + 0 + 0*l + 1/60*l**5 - 7/24*l**4. Give z(r).
-6
Let x(q) = -19*q**2 - q + 21*q**2 - 3 + 5. Let r(c) = c - 1. Let j(h) = 4*r(h) + x(h). Let f = 2 - 5. Give j(f).
7
Suppose -j + 9 = 2*j. Let u(t) = j*t**2 + 0*t + 1 - t**3 + 3*t + t. Let w = -8 + 12. What is u(w)?
1
Let v(j) = j + 11. Suppose 5*n + 20 = 0, -i = -3*i - 4*n - 34. Let f be v(i). Let c(o) = -2*o**f + 2 + 4*o**2 + 0 + o - 3. Give c(-2).
5
Let m(q) = -q + 4. Let o(u) = -5 + 3 + u + 1. Let j = 1 + 0. Let z be o(j). Determine m(z).
4
Suppose -2*m = a + 5, 7 = a - 4*a - 2*m. Let g(x) = 7*x**3 + x**2 - 2*x - 4. Let k(r) = r**3 + r**2 - r - 1. Let h(c) = a*g(c) + 6*k(c). Calculate h(4).
-2
Let k(i) = 2*i - 5. Suppose 1 = 2*n + 5*b + 4, n - 2*b = 12. Give k(n).
7
Let t(a) = a**2 + 8*a + 1. Let p = -122 - -115. Give t(p).
-6
Let a(j) = j**3 - 3*j**2 + 4*j - 7. Suppose -r + 8 = -m, -r + 3*m = -6*r. What is a(r)?
5
Let d = -3 - 1. Suppose 0 = -2*f + f - 4, -4 = 4*n + 5*f. Let m(s) = s**2 + 0*s + n + 6*s + 0. Determine m(d).
-4
Let w = 0 - -3. Suppose 15 = -w*j, -4*p - 19 = 4*j + 9. Let u(s) = -s**2. Determine u(p).
-4
Let c(v) be the third derivative of 0 + 1/24*v**5 + 1/6*v**3 - 1/360*v**6 + 0*v - 1/6*v**4 - 2*v**2. Let m(p) be the first derivative of c(p). Calculate m(5).
-4
Let g(c) = -3*c + 12. Let x(d) = -1. Let i(p) = g(p) + 15*x(p). Let r(t) = 9*t + 8. Let l(q) = 11*i(q) + 4*r(q). Calculate l(-1).
-4
Let x(f) be the third derivative of -1/24*f**4 + 2*f**2 - 2/3*f**3 + 0 + 1/12*f**5 + 1/120*f**6 + 0*f. Calculate x(-5).
1
Let x(k) = -k**3 + 6*k**2 - 6*k - 2. Suppose -6*u + u = -2*h - 14, 5*h = 5*u - 5. Let z be (-52)/(-14) - u/(-14). Suppose 25 = z*r + r. What is x(r)?
-7
Suppose 1 = -m + 3. Let w = 2 - m. Let j(g) = -g**2 - 9. Give j(w).
-9
Let r(w) = w**2 - w - 1. Let a(q) be the second derivative of q**4/4 - 7*q**3/6 - 3*q**2 - q. Let j(h) = -a(h) + 5*r(h). Let b = -22 + 20. Determine j(b).
5
Let h = -41 + 37. Let c(s) = s**3 + 4*s**2 - 2*s - 3. Calculate c(h).
5
Let g(a) = a**3 + 5*a**2 + 3*a - 4. Let c be (-4)/10 + (-198)/55. Give g(c).
0
Let w(i) = -i + i**3 + 5 - i**2 - 1 + 0*i. Let a be w(0). Let q(f) = -5 + f**2 + 7 + a - 6*f. Determine q(4).
-2
Suppose -3*j + 39 = w, -3*w - 9 = -0*w. Let i = j - 9. Suppose 0 = 2*v + 3*v - i. Let u(m) = -8*m**3 + 2*m**2 - 2*m + 1. What is u(v)?
-7
Let q = 0 - -2. Let a(u) = 5*u**3 + 2*u**2 + 4*u + 2. Let o(p) = -3*p**3 - p**2 - 2*p - 1. Let n(r) = -4*a(r) - 7*o(r). What is n(q)?
-1
Suppose 5*t + 15 = 8*t. Let q(o) = -o**3 + 5*o**2 + 5*o - 7. Determine q(t).
18
Let o(u) = u**2 + 4*u - 6. Suppose -a + 1 + 2 = 0. Let g = -63 + 54. Let t = g + a. Give o(t).
6
Let s(u) = 8*u**3. Let j = -3 + 5. Suppose -2*m + 4 = -2*o, -5*o = -o + j*m + 2. Determine s(o).
-8
Let o(v) = 4*v**2 - 5*v**2 - 7 - 1. Let b = -5 + 5. What is o(b)?
-8
Let o = 4 - 7. Let v(m) = -2*m. Let u be v(o). Let y(n) = u - 4 + 1 + n**2 - n**3. What is y(0)?
3
Let i(l) = -7*l. Let n = -6 + 9. Let s(k) = -1 + n*k**2 - 4*k**2 + 2*k + k. Let p be s(2). Determine i(p).
-7
Let b(t) = 7*t - 12. Let k(w) = 4*w - 6. Let q(v) = 3*b(v) - 5*k(v). What is q(5)?
-1
Let b(k) = k - 3 + 3*k - k**2 + 3*k. Let u be b(7). Let y(j) = -3*j**2 - 3*j + 4. Give y(u).
-14
Let p(a) = a**3 - 8*a**2 + 7*a + 6. Let s be p(7). Let k(v) = -v**2 - v - 1. Let q(w) = w**3 + 2*w**2 + 6*w + 10. Let f(c) = s*k(c) + q(c). Give f(4).
4
Let p(i) be the third derivative of -i**4/24 + 5*i**3/6 + 3*i**2. What is p(-4)?
9
Let k(l) = 3*l - 3. Let n be (4 + 20/(-6))*6*1. Calculate k(n).
9
Let c(l) be the third derivative of -l**6/120 - l**5/20 + 5*l**4/24 + l**3/2 + 2*l**2. Let n be c(-4). Let q(i) = -6 - 7*i**3 + 4 + 4 + i**2 - 3. Give q(n).
7
Let n(l) = l. Let f be (-10)/65 + 108/26. Suppose 2*x - 2*i = -12, -13 = -5*x + f*i - 38. What is n(x)?
-1
Let l(v) = 3*v**2 + v + 6. Let t(w) = -4*w**2 - 7. Let s(a) = 3*l(a) + 2*t(a). Let j be s(-3). Let p(z) = -j + z + 2 - 3. What is p(0)?
-5
Let l(u) = u + 6. Suppose -5*i - 25 = -0*i. Give l(i).
1
Let j(x) = 2*x**3 + 4*x**2 + 3*x + 1. Let h = 5 - 2. Suppose 4*m - 5*o + 4 = 0, 2*m - 5*o = -4 - 8. Suppose -7 = 2*p - h*w, 0*p - 4 = m*p + 4*w. What is j(p)?
-5
Let q = 4 - 7. Let p(k) = k**3 + 5*k**2 + 3*k + 3. What is p(q)?
12
Let l be 5/(-2) - (-2)/(-4). Let b be (-3 - l)*1/(-2). Suppose -2*m - 5*x + 12 = b, 6*m + 16 = m - x. Let n(r) = -r**3 - 5*r**2 - 4*r + 5. What is n(m)?
5
Let t(d) = 2*d + 1. Let u(q) = 12*q - 3. Let l(a) = 5*t(a) - u(a). Calculate l(-6).
20
Let k(z) = 4*z - 9 - 10 + 32 - 15. What is k(2)?
6
Let u(h) = -7*h - 6*h + 1 + 11*h + 2*h**2 + 13*h**3 - 5*h**3. Calculate u(1).
9
Let a(q) be the second derivative of 2*q + 1/12*q**4 + 1/6*q**3 + 1/2*q**5 + 0*q**2 + 0. Determine a(-1).
-10
Let p(o) be the third derivative of o**6/360 - o**5/30 + o**4/8 - 2*o**3/3 - 4*o**2. Let h(x) be the first derivative of p(x). Calculate h(3).
0
Let z(u) = u**3 + u**2 + u + 10. Let m(k) = -1. Let s(a) = -3*m(a) - z(a). Suppose -7*r + 2*r = 0. What is s(r)?
-7
Let m be 3/(-6)*(3 + -1). Let z(f) = -f + 2. Let i be z(1). Let o = m - i. Let k(l) = l**3 + 3*l**2 + 3*l + 1. Calculate k(o).
-1
Let o(i) = -i**3 - 3*i**2 - i - 1. Suppose 2*z = -2*z. Suppose b + 4*s + 11 + 4 = z, 0 = b - 2*s - 3. Calculate o(b).
2
Suppose -15*a - 21 = 9. Let u(c) = 11*c - 2. Let t(f) = -6*f + 1. Let b(v) = -7*t(v) - 4*u(v). Calculate b(a).
5
Let d = -1/27 + 29/54. Let p(b) be the second derivative of -d*b**3 - 3*b**2 + 0 + b. Determine p(-4).
6
Let v(t) = t**3 - 5*t**2 + 3*t - 7. Let y(q) = 1 + 5 - 7*q**2 + q**3 - 1. Let o be y(7). Give v(o).
8
Let l(r) = 5*r**2 + 11*r - 1. Let s(h) = -23*h - 1 + 3 - 6*h**2 - 5*h**2. Let u(t) = -t**2 - 7*t - 6. Let v be u(-4). Let g(z) = v*s(z) + 13*l(z). Give g(4).
3
Let z(b) be the second derivative of -2*b**2 + 1/2*b**4 - b + 1/20*b**5 + 1/2*b**3 + 0. Suppose 0 = -3*a - 15, -2*i - a - 25 = 2*a. What is z(i)?
6
Let g(n) = -5*n**2 - 2*n - 55 + 56 + 4*n**2. What is g(1)?
-2
Let n be -1 + 4 + ((-12)/(-2) - 0). Let s(r) = -r**2 + 7*r + 13. Determine s(n).
-5
Let h(m) = -m**3 + 7*m**2 - 8*m + 4. Let y = 64 - 